{"id":810,"date":"2022-08-04T17:00:33","date_gmt":"2022-08-04T17:00:33","guid":{"rendered":"https:\/\/velo-paris.info\/?page_id=810"},"modified":"2022-08-08T12:31:16","modified_gmt":"2022-08-08T12:31:16","slug":"mentions-legales","status":"publish","type":"page","link":"https:\/\/velo-paris.info\/?page_id=810","title":{"rendered":"Mentions l\u00e9gales"},"content":{"rendered":"\n<h3>Propri\u00e9t\u00e9 intellectuelle<\/h3>\n\n\n\n<p>La charte graphique du site a \u00e9t\u00e9 cr\u00e9\u00e9e par&nbsp;<em>velo-paris.info.<\/em><br><br>Tous les \u00e9l\u00e9ments graphiques, la structure et, plus g\u00e9n\u00e9ralement, le contenu du site&nbsp;<em>www.velo-paris.info<\/em>&nbsp;sont prot\u00e9g\u00e9s par le droit d\u2019auteur, le droit des marques et le droit des dessins et mod\u00e8les.<br><br>Toute personne qui recueille ou t\u00e9l\u00e9charge du contenu ou des&nbsp; informations diffus\u00e9es sur le site ne dispose sur ceux-ci que d\u2019un droit d\u2019usage priv\u00e9, personnel et non transmissible.<br><br>La reproduction d\u2019une page du site dans un cadre ext\u00e9rieur \u00e0&nbsp;<em>www.velo-paris.info<\/em>&nbsp;ou l\u2019insertion d\u2019une page appartenant \u00e0&nbsp;<em>www.velo-paris.info<\/em>&nbsp;dans la page d\u2019un autre site est interdite.<br>De m\u00eame, toute reproduction ou repr\u00e9sentation du site en partie ou en totalit\u00e9 est interdite sans l\u2019accord \u00e9crit de&nbsp;<em>www.velo-paris.info<\/em>&nbsp;et constituerait une contrefa\u00e7on sanctionn\u00e9e par les articles L. 335-2 et suivants du Code de la Propri\u00e9t\u00e9 Intellectuelle.<br><br>Les textes, graphismes, dessins, logos et photos qui sont diffus\u00e9s&nbsp;<em>www.velo-paris.info<\/em>&nbsp;peuvent faire l\u2019objet d\u2019une reproduction sur un support papier ou un support \u00e9lectronique, sous r\u00e9serve de citer le nom et l\u2019adresse du site et de ne pas en faire une utilisation commerciale.<br>Le non-respect des dispositions ci-dessus est susceptible de constituer une contrefa\u00e7on engageant la responsabilit\u00e9 civile ou p\u00e9nale de l\u2019auteur de la contrefa\u00e7on.<\/p>\n\n\n\n<h3>Collecte et utilisation des donn\u00e9es \u00e0 caract\u00e8re personnel<\/h3>\n\n\n\n<p>La collecte des donn\u00e9es \u00e0 caract\u00e8re personnel pour les prestations propos\u00e9es par le site&nbsp;<em>www.velo-paris.info<\/em>&nbsp;ainsi que leur traitement sont effectu\u00e9s dans le respect de la loi \u00ab Informatique, Fichiers et Libert\u00e9s \u00bb du 6 janvier 1978 modifi\u00e9e et ses d\u00e9crets d\u2019application.<br><br>La collecte des donn\u00e9es \u00e0 caract\u00e8re personnel concernant les utilisateurs du site&nbsp;<em>www.velo-paris.info<\/em>&nbsp;a pour finalit\u00e9s principales l\u2019identification des utilisateurs pour la fourniture des services et prestations propos\u00e9s sur le site.<br><br>Les donn\u00e9es r\u00e9colt\u00e9es ne sont jamais transmis \u00e0 des tiers sauf si le client a donn\u00e9 son consentement pr\u00e9alable et ce sous r\u00e9serve que les tiers se soient clairement engag\u00e9s \u00e0 respecter toutes les dispositions de la Loi du 6 janvier 1978 modifi\u00e9e.<\/p>\n\n\n\n<p><br>En application de la loi, toute personne ayant transmis des donn\u00e9es \u00e0 caract\u00e8re personnel dispose d\u2019un droit d\u2019acc\u00e8s, de rectification et de suppression des donn\u00e9es ainsi que d\u2019un droit d\u2019opposition au traitement des donn\u00e9es \u00e0 caract\u00e8re personnel la concernant.<br>A tout moment, vous pouvez demander \u00e0 exercer ce droit en contactant<em><strong>&nbsp;<em>velo-paris.info<\/em><\/strong><\/em>.<br><br>Les visiteurs du site sont inform\u00e9s que pour les besoins de la navigation sur le site&nbsp;<em>www.velo-paris.info<\/em>,&nbsp;&nbsp;<em>velo-paris.info<\/em> peut avoir recours \u00e0 la collecte automatique de certaines informations relatives aux utilisateurs \u00e0 l\u2019aide des cookies. Si l\u2019utilisateur du site ne souhaite pas l\u2019utilisation de cookies par&nbsp;<em>velo-paris.info<\/em>, il peut refuser l\u2019activation des cookies par le biais des options propos\u00e9s par son navigateur internet. Pour des raisons techniques, si l\u2019utilisateur d\u00e9sactive les cookies dans son navigateur, certaines prestations propos\u00e9es sur le site&nbsp;<em>www.velo-paris.info<\/em>&nbsp;pourront ne pas lui \u00eatre accessibles.<\/p>\n","protected":false},"excerpt":{"rendered":"<p>Propri\u00e9t\u00e9 intellectuelle La charte graphique du site a \u00e9t\u00e9 cr\u00e9\u00e9e par&nbsp;velo-paris.info. Tous les \u00e9l\u00e9ments graphiques,&#8230;<\/p>\n<div class=\"more-link-wrapper\"><a class=\"more-link\" href=\"https:\/\/velo-paris.info\/?page_id=810\">Lire la suite<span class=\"screen-reader-text\">Mentions l\u00e9gales<\/span><\/a><\/div>\n","protected":false},"author":1,"featured_media":0,"parent":0,"menu_order":0,"comment_status":"closed","ping_status":"closed","template":"","meta":[],"_links":{"self":[{"href":"https:\/\/velo-paris.info\/index.php?rest_route=\/wp\/v2\/pages\/810"}],"collection":[{"href":"https:\/\/velo-paris.info\/index.php?rest_route=\/wp\/v2\/pages"}],"about":[{"href":"https:\/\/velo-paris.info\/index.php?rest_route=\/wp\/v2\/types\/page"}],"author":[{"embeddable":true,"href":"https:\/\/velo-paris.info\/index.php?rest_route=\/wp\/v2\/users\/1"}],"replies":[{"embeddable":true,"href":"https:\/\/velo-paris.info\/index.php?rest_route=%2Fwp%2Fv2%2Fcomments&post=810"}],"version-history":[{"count":2,"href":"https:\/\/velo-paris.info\/index.php?rest_route=\/wp\/v2\/pages\/810\/revisions"}],"predecessor-version":[{"id":813,"href":"https:\/\/velo-paris.info\/index.php?rest_route=\/wp\/v2\/pages\/810\/revisions\/813"}],"wp:attachment":[{"href":"https:\/\/velo-paris.info\/index.php?rest_route=%2Fwp%2Fv2%2Fmedia&parent=810"}],"curies":[{"name":"wp","href":"https:\/\/api.w.org\/{rel}","templated":true}]}}